{"id":71,"date":"2015-01-22T23:27:20","date_gmt":"2015-01-22T21:27:20","guid":{"rendered":"http:\/\/www.svnutteln1898.de\/wordpress\/?page_id=71"},"modified":"2015-01-23T20:52:34","modified_gmt":"2015-01-23T18:52:34","slug":"beitrittserklaerung","status":"publish","type":"page","link":"http:\/\/www.svnutteln1898.de\/wordpress\/?page_id=71","title":{"rendered":"Beitrittserkl\u00e4rung"},"content":{"rendered":"<p>Bei Interesse am Vereinsleben des Sch\u00fctzenverein Nutteln und Umgegend e.V. einfach die nachstehende Beitrittserkl\u00e4rung herunterladen, ausdrucken, ausf\u00fcllen und an den jeweiligen Zugf\u00fchrer des gew\u00fcnschten Zuges weitergeben.<\/p>\n<p>&nbsp;<\/p>\n<p><a title=\"Beitrittserkl\u00e4rung\" href=\"http:\/\/www.svnutteln1898.de\/wordpress\/wp-content\/uploads\/2015\/01\/Beitrittserkl\u00e4rung-Sch\u00fctzenverein-Nutteln-und-Umgegend-e.V..pdf\"><img loading=\"lazy\" decoding=\"async\" class=\"alignnone size-medium wp-image-78\" src=\"http:\/\/www.svnutteln1898.de\/wordpress\/wp-content\/uploads\/2015\/01\/pdfdownload-300x88.jpg\" alt=\"pdfdownload\" width=\"300\" height=\"88\" srcset=\"http:\/\/www.svnutteln1898.de\/wordpress\/wp-content\/uploads\/2015\/01\/pdfdownload-300x88.jpg 300w, http:\/\/www.svnutteln1898.de\/wordpress\/wp-content\/uploads\/2015\/01\/pdfdownload.jpg 414w\" sizes=\"auto, (max-width: 300px) 100vw, 300px\" \/><\/a><\/p>\n","protected":false},"excerpt":{"rendered":"<p>Bei Interesse am Vereinsleben des Sch\u00fctzenverein Nutteln und Umgegend e.V. einfach die nachstehende Beitrittserkl\u00e4rung herunterladen, ausdrucken, ausf\u00fcllen und an den jeweiligen Zugf\u00fchrer des gew\u00fcnschten Zuges weitergeben. &nbsp;<\/p>\n","protected":false},"author":1,"featured_media":0,"parent":0,"menu_order":0,"comment_status":"open","ping_status":"open","template":"","meta":{"footnotes":""},"class_list":["post-71","page","type-page","status-publish","hentry"],"_links":{"self":[{"href":"http:\/\/www.svnutteln1898.de\/wordpress\/index.php?rest_route=\/wp\/v2\/pages\/71","targetHints":{"allow":["GET"]}}],"collection":[{"href":"http:\/\/www.svnutteln1898.de\/wordpress\/index.php?rest_route=\/wp\/v2\/pages"}],"about":[{"href":"http:\/\/www.svnutteln1898.de\/wordpress\/index.php?rest_route=\/wp\/v2\/types\/page"}],"author":[{"embeddable":true,"href":"http:\/\/www.svnutteln1898.de\/wordpress\/index.php?rest_route=\/wp\/v2\/users\/1"}],"replies":[{"embeddable":true,"href":"http:\/\/www.svnutteln1898.de\/wordpress\/index.php?rest_route=%2Fwp%2Fv2%2Fcomments&post=71"}],"version-history":[{"count":3,"href":"http:\/\/www.svnutteln1898.de\/wordpress\/index.php?rest_route=\/wp\/v2\/pages\/71\/revisions"}],"predecessor-version":[{"id":87,"href":"http:\/\/www.svnutteln1898.de\/wordpress\/index.php?rest_route=\/wp\/v2\/pages\/71\/revisions\/87"}],"wp:attachment":[{"href":"http:\/\/www.svnutteln1898.de\/wordpress\/index.php?rest_route=%2Fwp%2Fv2%2Fmedia&parent=71"}],"curies":[{"name":"wp","href":"https:\/\/api.w.org\/{rel}","templated":true}]}}